hat is z(30)?
1791
Let r(v) = -2248*v**2 + 128130*v + 367. Give r(57).
25
Let b(w) = 23423*w + 327915. Determine b(-14).
-7
Let i(u) = 317*u - 51664. What is i(162)?
-310
Let d(j) = -6*j**3 - 728*j**2 + 2725*j - 3138. What is d(-125)?
-13
Let w(n) = 18*n**2 + 5558*n + 384741. What is w(-204)?
-3
Let m(g) = -g**3 + 54*g**2 - 1032*g + 44852. Determine m(51).
23
Let y(i) = i**3 + 57*i**2 - 11470*i - 628052. Determine y(-54).
76
Let p(j) = 177*j**2 - 2492*j + 184. Determine p(14).
-12
Let t(u) = -33*u**2 + 3819*u - 14766. What is t(4)?
-18
Let k(z) = z**3 + 25*z**2 + 146*z + 158. Give k(-14).
270
Let o(a) = -6*a**3 - 32*a**2 + 36*a - 3. What is o(-6)?
-75
Let i(g) = -13*g**2 + 370*g - 8. Determine i(14).
2624
Let g(r) = 3182*r - 101833. Calculate g(32).
-9
Let s(t) = 618*t + 45087. Calculate s(-73).
-27
Let x(l) = -9*l**3 - 143*l**2 - 4*l - 14. Give x(-16).
306
Let g(v) = -18*v**2 - 214*v - 634. Determine g(-8).
-74
Let g(a) = -358983*a - 358978. Give g(-1).
5
Let w(g) = -80*g**2 - 530*g + 12002. Calculate w(-16).
2
Let u(v) = 2*v**3 + 34*v**2 - 103*v + 537. Determine u(-21).
-828
Let b(x) = 12*x**2 - 492*x - 3341. Calculate b(-8).
1363
Let v(l) = l**2 + 509*l + 27926. Calculate v(-65).
-934
Let o(f) = -8*f**2 - 26*f + 191. What is o(6)?
-253
Let m(h) = 27*h**2 - 673*h + 31. Give m(24).
-569
Let w(l) = -l**3 + 49*l**2 - 1377*l + 67342. Determine w(49).
-131
Let x(k) = k**2 - 2142*k - 395616. Calculate x(-171).
-93
Let r(y) = -2805*y**2 + 16852*y - 16. Calculate r(6).
116
Let p(w) = 24*w**2 - w - 264. Determine p(8).
1264
Let m(w) = 9358*w + 991916. Give m(-106).
-32
Let t(k) = 940*k - 21624. Give t(23).
-4
Let n(q) = -24*q + 3460. Calculate n(135).
220
Let i(n) = -10384*n - 40. Determine i(0).
-40
Let r(s) = -s**2 + 34*s - 276. Calculate r(20).
4
Let b(m) = 21*m**2 + 1584*m - 122885. Calculate b(-123).
-8
Let k(i) = -163*i + 5614. Calculate k(34).
72
Let k(r) = -r**2 - 517*r - 5326. Calculate k(-10).
-256
Let a(b) = 10625*b + 37149. Determine a(-4).
-5351
Let d(s) = -22*s**2 - 517*s - 2902. Determine d(-17).
-471
Let z(a) = 150*a**2 - 2428*a - 2066. Give z(17).
8
Let b(d) = -7850*d - 23563. Give b(-3).
-13
Let t(h) = -h**3 + 56*h**2 + 2816*h + 47. Determine t(88).
47
Let k(x) = x**3 + 26*x**2 - 5433*x - 145975. Calculate k(-27).
-13
Let m(j) = 5*j**2 + 934*j + 25960. Give m(-34).
-16
Let l(m) = -46*m**2 - 917*m - 357. Determine l(-21).
-1386
Let d(f) = 754*f + 1741. Give d(-1).
987
Let j(i) = -i**2 + 1821*i - 374040. Give j(236).
20
Let d(g) = 4*g**3 - 9*g**2 - 132*g + 1017. Determine d(8).
1433
Let x(c) = -279*c + 6650. Determine x(24).
-46
Let h(s) = -193*s**3 - 1545*s**2 + 5*s + 57. Calculate h(-8).
-47
Let o(u) = 2*u**2 - 141*u + 3258. Calculate o(33).
783
Let y(w) = -w**3 - 3*w**2 + 48*w + 375. Calculate y(-10).
595
Let h(t) = -76*t**3 + 1369*t**2 + 12*t - 568. Give h(18).
-28
Let o(c) = 708*c - 2816. Give o(4).
16
Let g(n) = -n**3 + 179*n**2 - 2*n + 399. Calculate g(179).
41
Let k(h) = -13*h**2 - 60*h + 6377. What is k(20)?
-23
Let i(j) = 749*j + 29644. What is i(-38)?
1182
Let n(y) = 58357*y + 525284. Determine n(-9).
71
Let d(k) = -k**3 + 70*k**2 - 786*k - 2365. Give d(55).
-220
Let r(p) = -4*p**2 + 2158*p + 49409. Determine r(-22).
-3
Let g(s) = -s**2 - 555*s - 13748. What is g(-26)?
6
Let j(k) = 3*k**3 - 12*k**2 + 430*k - 3298. Calculate j(8).
910
Let x(y) = -20*y**3 - 278*y**2 + 28*y. Calculate x(-14).
0
Let l(i) = -135*i - 4994. Calculate l(-36).
-134
Let k(m) = 46981*m + 328686. Give k(-7).
-181
Let x(n) = -n**2 - 1458*n + 53785. What is x(36)?
1
Let v(b) = -b**3 - 30*b**2 - 505*b - 19937. Determine v(-33).
-5
Let n(l) = 66801*l - 1001988. Determine n(15).
27
Let v(j) = -4*j**3 + 44*j**2 + 30*j - 149. What is v(12)?
-365
Let p(b) = 10*b**3 + 69*b**2 + 95*b - 19. Calculate p(-2).
-13
Let v(r) = r**2 + 22250*r - 44509. Determine v(2).
-5
Let i(q) = q**3 + 22*q**2 - 1797*q + 11120. Calculate i(28).
4
Let n(t) = -918*t + 15392. Determine n(20).
-2968
Let m(u) = -2509*u - 3929. What is m(-2)?
1089
Let h(u) = -101913*u - 713417. Calculate h(-7).
-26
Let t(q) = -2*q**2 + 177*q - 898. What is t(0)?
-898
Let s(g) = -32442*g + 97329. Give s(3).
3
Let p(q) = -86*q - 12193. What is p(-137)?
-411
Let a(u) = -19*u - 916. Calculate a(32).
-1524
Let d(y) = -y**2 + 637667*y + 5101417. What is d(-8)?
17
Let w(g) = -551*g + 216591. Give w(393).
48
Let d(o) = o**3 + 14*o**2 + 40*o + 980. Determine d(-16).
-172
Let v(c) = 4*c**2 - 2096*c - 397822. Give v(-148).
2
Let v(o) = -20533*o - 61629. What is v(-3)?
-30
Let m(z) = -z**2 - 16905*z + 169147. Determine m(10).
-3
Let f(w) = -7628*w - 30425. Give f(-4).
87
Let b(c) = -4*c**2. Give b(0).
0
Let v(c) = 2647*c - 590289. Determine v(223).
-8
Let f(q) = 332*q**3 - 3*q**2 - 43*q - 41. Calculate f(-1).
-333
Let m(h) = 24*h**2 - 30*h - 106. Determine m(-7).
1280
Let v(y) = y**3 + 14*y**2 - 4400*y - 53084. What is v(-12)?
4
Let f(m) = -939*m + 5788. Determine f(9).
-2663
Let u(h) = -h**3 + 116*h**2 + 2256*h - 33. Give u(-17).
52
Let l(p) = -9*p**2 + 7180*p - 64506. What is l(9)?
-615
Let l(k) = -30*k**2 + 12842*k - 413427. Calculate l(393).
9
Let m(y) = 333*y - 10975. What is m(36)?
1013
Let f(s) = -14755*s - 472186. Calculate f(-32).
-26
Let t(h) = 3*h**3 - 2*h**2 - 2*h - 5013. Calculate t(0).
-5013
Let n(i) = 3*i**3 + 445*i**2 + 1450*i - 67. What is n(-145)?
-67
Let b(x) = -260*x**2 + 3355*x + 130. Give b(13).
-195
Let r(g) = 2*g**2 - 674*g - 49532. Calculate r(-62).
-56
Let d(c) = c**3 - 10*c**2 + 54*c - 687. What is d(10)?
-147
Let c(h) = -140*h - 12766. Determine c(-97).
814
Let i(m) = -12*m**2 + 599*m + 907. What is i(53)?
-1054
Let d(g) = 1383*g**2 - 397*g - 1. What is d(1)?
985
Let f(a) = -145*a + 4162. Determine f(22).
972
Let w(j) = 662*j - 1727. Determine w(3).
259
Let r(p) = -2645*p + 245989. Determine r(93).
4
Let n(d) = -31897*d + 223272. Calculate n(7).
-7
Let d(m) = m**3 - 168*m**2 + 3829*m - 3146. Calculate d(141).
-44
Let k(g) = 9659*g - 559623. Calculate k(58).
599
Let q(m) = 5347*m - 21402. Determine q(4).
-14
Let a(p) = p**3 - 26*p**2 - 56*p + 212. Give a(27).
-571
Let u(k) = -3*k**2 + 588*k - 723. Give u(194).
441
Let k(s) = -10*s + 2182. Give k(110).
1082
Let i(m) = -4870*m + 861973. Give i(177).
-17
Let v(h) = -h**3 + 20*h**2 + 35*h - 349. Determine v(4).
47
Let q(r) = r**3 + 8*r**2 - 7*r - 191. Give q(-9).
-209
Let o(r) = -4*r**2 - 1550*r + 9108. Calculate o(6).
-336
Let x(m) = 8849*m + 486799. Give x(-55).
104
Let q(d) = -3*d**2 + 200*d + 113. Give q(65).
438
Let v(j) = -j**3 - 228*j**2 + 12271*j - 3821. Give v(-273).
1
Let x(f) = -4578*f + 27632. Determine x(6).
164
Let f(n) = 142*n + 1270. Determine f(-7).
276
Let k(n) = 2*n**3 + 43*n**2 - 29977*n - 271823. Determine k(-9).
-5
Let x(y) = 1661690*y + 3323389. Give x(-2).
9
Let w(r) = 382*r + 89715. Give w(-240).
-1965
Let g(s) = 13*s**3 - 3524*s**2 - 3264*s + 14. Calculate g(272).
14
Let y(j) = 2*j**3 - 100*j**2 - 43*j + 2558. What is y(50)?
408
Let u(v) = -5*v**3 - 176*v**2 - 1100*v - 26. Determine u(-8).
70
Let t(f) = 13*f**2 + 515*f + 5584. Determine t(-11).
1492
Let r(x) = 6*x**2 - 497*x + 3819. Determine r(8).
227
Let q(m) = 6*m**2 + 126*m + 65. Give q(-20).
-55
Let n(p) = 6*p**3 + 110*p**2 + 60*p + 384. Determine n(-18).
-48
Let x(c) = 2*c**3 + 42*c**2 + 103*c + 1289. What is x(-20)?
29
Let g(b) = -b**2 + 807468*b + 21802371. What is g(-27)?
6
Let k(n) = 4*n**2 - 4529*n - 86747. Calculate k(-19).
748
Let i(c) = 2086*c + 31272. What is i(-15)?
-18
Let a(m) = m**2 + 1493722*m + 11949702. Give a(-8).
-10
Let v(t) = t**3 - 90*t**2 - 567*t + 26714. Calculate v(93).
-70
Let q(f) = -10*f**3 + 2*f**2 + 1313*f - 7936. Give q(6).
-2146
Let v(t) = 2*t**3 - 37*t**2 - 101*t - 1164. Calculate v(22).
2
Let i(p) = -5*p**2 + 81*p - 74. Calculate i(18).
-236
Let g(x) = -70*x**2 + 81*x + 20. What is g(2)?
-98
Let y(h) = -34*h**3 + 678*h**2 + 48*h - 38. What is y(20)?
122
Let o(c) = 261*c - 20387. Give o(78).
-29
Let s(g) = -390*g + 51566. Calculate s(124).
3206
Let c(l) = 297*l - 63862. Give c(215).
-7
Let k(r) = -45*r**3 - 402*r**2 - 94*r - 995. What is k(-9)?
94
Let g(z) = z**3 + 45*z**2 - 304*z - 5260. Calculate g(-49).
32
Let k(z) = -5*z**2 - 610*z + 6241. Calculate k(10).
-359
Let g(c) = -c**2 + 32*c + 6458. What is g(98)?
-10
Let x(y) = 2